{"id":82,"date":"2018-09-02T11:25:03","date_gmt":"2018-09-02T11:25:03","guid":{"rendered":"http:\/\/clubnapolimeta.com\/?page_id=82"},"modified":"2023-02-23T11:39:42","modified_gmt":"2023-02-23T11:39:42","slug":"tesseramento-online","status":"publish","type":"page","link":"https:\/\/clubnapolimeta.com\/?page_id=82","title":{"rendered":"Tesseramento Online"},"content":{"rendered":"\t\t<div data-elementor-type=\"wp-page\" data-elementor-id=\"82\" class=\"elementor elementor-82\">\n\t\t\t\t\t\t\t\t\t<section class=\"elementor-section elementor-top-section elementor-element elementor-element-40d4b1b3 elementor-section-boxed elementor-section-height-default elementor-section-height-default\" data-id=\"40d4b1b3\" data-element_type=\"section\">\n\t\t\t\t\t\t<div class=\"elementor-container elementor-column-gap-default\">\n\t\t\t\t\t<div class=\"elementor-column elementor-col-100 elementor-top-column elementor-element elementor-element-4a4ba261\" data-id=\"4a4ba261\" data-element_type=\"column\">\n\t\t\t<div class=\"elementor-widget-wrap elementor-element-populated\">\n\t\t\t\t\t\t\t\t<div class=\"elementor-element elementor-element-704c8934 elementor-widget elementor-widget-text-editor\" data-id=\"704c8934\" data-element_type=\"widget\" data-widget_type=\"text-editor.default\">\n\t\t\t\t<div class=\"elementor-widget-container\">\n\t\t\t<style>\/*! elementor - v3.11.2 - 22-02-2023 *\/\n.elementor-widget-text-editor.elementor-drop-cap-view-stacked .elementor-drop-cap{background-color:#818a91;color:#fff}.elementor-widget-text-editor.elementor-drop-cap-view-framed .elementor-drop-cap{color:#818a91;border:3px solid;background-color:transparent}.elementor-widget-text-editor:not(.elementor-drop-cap-view-default) .elementor-drop-cap{margin-top:8px}.elementor-widget-text-editor:not(.elementor-drop-cap-view-default) .elementor-drop-cap-letter{width:1em;height:1em}.elementor-widget-text-editor .elementor-drop-cap{float:left;text-align:center;line-height:1;font-size:50px}.elementor-widget-text-editor .elementor-drop-cap-letter{display:inline-block}<\/style>\t\t\t\t<p><!-- wp:paragraph --><\/p>\n<p><b><span style=\"caret-color: #333333; color: #333333; font-family: -apple-system, BlinkMacSystemFont, 'Segoe UI', Roboto, 'Helvetica Neue', Arial, 'Noto Sans', sans-serif, 'Apple Color Emoji', 'Segoe UI Emoji', 'Segoe UI Symbol', 'Noto Color Emoji';\">Perch\u00e8 tesserarsi?<\/span><span style=\"caret-color: #333333; color: #333333; font-family: -apple-system, BlinkMacSystemFont, 'Segoe UI', Roboto, 'Helvetica Neue', Arial, 'Noto Sans', sans-serif, 'Apple Color Emoji', 'Segoe UI Emoji', 'Segoe UI Symbol', 'Noto Color Emoji';\">\u00a0<\/span><\/b><\/p>\n<p><span style=\"caret-color: #333333; color: #333333; font-family: -apple-system, BlinkMacSystemFont, 'Segoe UI', Roboto, 'Helvetica Neue', Arial, 'Noto Sans', sans-serif, 'Apple Color Emoji', 'Segoe UI Emoji', 'Segoe UI Symbol', 'Noto Color Emoji';\">La tessera socio Club Napoli Meta consente l\u2019accesso ai locali del Club dove saranno trasmesse\u00a0<\/span><span style=\"caret-color: #333333; color: #333333; font-family: -apple-system, BlinkMacSystemFont, 'Segoe UI', Roboto, 'Helvetica Neue', Arial, 'Noto Sans', sans-serif, 'Apple Color Emoji', 'Segoe UI Emoji', 'Segoe UI Symbol', 'Noto Color Emoji';\"><em>TUTTE<\/em>\u00a0<\/span><span style=\"caret-color: #333333; color: #333333; font-family: -apple-system, BlinkMacSystemFont, 'Segoe UI', Roboto, 'Helvetica Neue', Arial, 'Noto Sans', sans-serif, 'Apple Color Emoji', 'Segoe UI Emoji', 'Segoe UI Symbol', 'Noto Color Emoji';\">le partite del Napoli.\u00a0<\/span><\/p>\n<p><span style=\"caret-color: #333333; color: #333333; font-family: -apple-system, BlinkMacSystemFont, 'Segoe UI', Roboto, 'Helvetica Neue', Arial, 'Noto Sans', sans-serif, 'Apple Color Emoji', 'Segoe UI Emoji', 'Segoe UI Symbol', 'Noto Color Emoji'; font-size: var( --e-global-typography-text-font-size ); font-style: var( --e-global-typography-text-font-style ); text-transform: var( --e-global-typography-text-text-transform ); text-decoration: var( --e-global-typography-text-text-decoration ); background-color: var( --e-global-color-07b2c5c );\">La tessera socio\u00a0\u00e8 valida per l\u2019intera stagione sportiva e consente inoltre la possibilit\u00e0 di accedere agli altri servizi offerti dal club, quali la prenotazione Ticket, nonch\u00e9 la partecipazione a tutte le attivit\u00e0 ed eventi organizzati dal club.<\/span><\/p>\n<figure class=\"wp-block-image\" style=\"caret-color: #333333; color: #333333; font-family: -apple-system, BlinkMacSystemFont, 'Segoe UI', Roboto, 'Helvetica Neue', Arial, 'Noto Sans', sans-serif, 'Apple Color Emoji', 'Segoe UI Emoji', 'Segoe UI Symbol', 'Noto Color Emoji';\"><img decoding=\"async\" loading=\"lazy\" class=\"wp-image-52\" src=\"https:\/\/clubnapolimeta.com\/wp-content\/uploads\/2018\/09\/sky-sport-amp-hd.png\" sizes=\"(max-width: 2985px) 100vw, 2985px\" srcset=\"https:\/\/clubnapolimeta.com\/wp-content\/uploads\/2018\/09\/sky-sport-amp-hd.png 2985w, https:\/\/clubnapolimeta.com\/wp-content\/uploads\/2018\/09\/sky-sport-amp-hd-300x46.png 300w, https:\/\/clubnapolimeta.com\/wp-content\/uploads\/2018\/09\/sky-sport-amp-hd-768x117.png 768w, https:\/\/clubnapolimeta.com\/wp-content\/uploads\/2018\/09\/sky-sport-amp-hd-1024x155.png 1024w\" alt=\"\" width=\"2985\" height=\"453\" \/>\n<p>\u00a0<\/p>\n<figcaption>Grazie a SKY BAR presso il Club Napoli Meta saranno visibili\u00a0<em>TUTTE<\/em>\u00a0le partite del Napoli! (ANCHE DAZN!)<\/figcaption>\n<\/figure>\n<p><!-- \/wp:paragraph --><\/p>\n<p><!-- wp:paragraph --><\/p>\n<p><script type=\"text\/javascript\">\n var cp_contactformpp_ready_to_go = false;\n function doValidate_1(form)\n {\n    if (cp_contactformpp_ready_to_go) return; \n    $dexQuery = jQuery;\n    document.cp_contactformpp_pform_1.cp_ref_page.value = document.location;\n     if ($dexQuery(\"#hdcaptcha_cp_contact_form_paypal_post_1\").val() == '')\n    {\n        setTimeout( \"cfwpp_cerror_1()\", 100);\n        return false;\n    }\n    var result = $dexQuery.ajax({\n        type: \"GET\",\n        url: \"?ps=_1\"+String.fromCharCode(38)+\"hdcaptcha_cp_contact_form_paypal_post=\"+$dexQuery(\"#hdcaptcha_cp_contact_form_paypal_post_1\").val(),\n        async: false\n    }).responseText;\n    if (result.indexOf(\"captchafailed\") != -1)\n    {\n        $dexQuery(\"#captchaimg_1\").attr('src', $dexQuery(\"#captchaimg_1\").attr('src')+'&'+Math.floor((Math.random() * 99999) + 1));      \n        setTimeout( \"cfwpp_cerror_1()\", 100);\n        return false;\n    }\n    else     {\n        var cpefb_error = 0;\n        $dexQuery(\"#cp_contactformpp_pform_1\").find(\".cpefb_error\").each(function(index){\n            if ($dexQuery(this).css(\"display\")!=\"none\")\n                cpefb_error++;    \n            });\n        if (cpefb_error) return false;    \n        cp_contactformpp_ready_to_go = true;\n        cfwpp_blink(\".pbSubmit\");\n        document.getElementById(\"form_structure_1\").value = '';    \n        return true;\n    }\n }\nfunction cfwpp_cerror_1(){$dexQuery = jQuery;$dexQuery(\"#hdcaptcha_error_1\").css('top',$dexQuery(\"#hdcaptcha_cp_contact_form_paypal_post_1\").outerHeight());$dexQuery(\"#hdcaptcha_error_1\").css(\"display\",\"inline\");}\nfunction cfwpp_blink(selector){\n        try {   \n            $dexQuery = jQuery;\n            $dexQuery(selector).fadeOut(1000, function(){\n                $dexQuery(this).fadeIn(1000, function(){\n                    try {\n                        if (cp_contactformpp_ready_to_go)\n                            cfwpp_blink(this); \n                    } catch (e) {}  \n                });\n            });         \n        } catch (e) {}           \n}\n<\/script>    \n    <\/form class=\"cfwppformfix\">\r\n<form class=\"cpp_form\" name=\"cp_contactformpp_pform_1\" id=\"cp_contactformpp_pform_1\" action=\"\" method=\"post\" enctype=\"multipart\/form-data\" onsubmit=\"return doValidate_1(this);\"><input type=\"hidden\" name=\"cp_pform_psequence\" value=\"_1\" \/><input type=\"hidden\" name=\"cp_contactformpp_pform_process\" value=\"1\" \/><input type=\"hidden\" name=\"cp_contactformpp_id\" value=\"1\" \/><input type=\"hidden\" name=\"cp_ref_page\" value=\"\" \/><input type=\"hidden\" name=\"form_structure_1\" id=\"form_structure_1\" size=\"180\" value=\"[[{&quot;name&quot;:&quot;email&quot;,&quot;index&quot;:0,&quot;title&quot;:&quot;E-mail&quot;,&quot;ftype&quot;:&quot;femail&quot;,&quot;userhelp&quot;:&quot;&quot;,&quot;csslayout&quot;:&quot;&quot;,&quot;required&quot;:true,&quot;predefined&quot;:&quot;&quot;,&quot;size&quot;:&quot;medium&quot;,&quot;shortlabel&quot;:&quot;&quot;,&quot;userhelpTooltip&quot;:&quot;&quot;,&quot;predefinedClick&quot;:false,&quot;equalTo&quot;:&quot;&quot;},{&quot;name&quot;:&quot;subject&quot;,&quot;index&quot;:1,&quot;title&quot;:&quot;Tesseramento&quot;,&quot;required&quot;:true,&quot;ftype&quot;:&quot;ftext&quot;,&quot;userhelp&quot;:&quot;&quot;,&quot;csslayout&quot;:&quot;&quot;,&quot;predefined&quot;:&quot;Iscrizione \\\/ Rinnovo &quot;,&quot;size&quot;:&quot;medium&quot;,&quot;shortlabel&quot;:&quot;&quot;,&quot;userhelpTooltip&quot;:&quot;&quot;,&quot;predefinedClick&quot;:false,&quot;minlength&quot;:&quot;&quot;,&quot;maxlength&quot;:&quot;&quot;,&quot;equalTo&quot;:&quot;&quot;},{&quot;name&quot;:&quot;message&quot;,&quot;index&quot;:2,&quot;size&quot;:&quot;large&quot;,&quot;required&quot;:true,&quot;title&quot;:&quot;I tuoi dati (Nome, Cognome, Data e luogo di nascita, Cell)&quot;,&quot;ftype&quot;:&quot;ftextarea&quot;,&quot;userhelp&quot;:&quot;&quot;,&quot;csslayout&quot;:&quot;&quot;,&quot;predefined&quot;:&quot;&quot;,&quot;shortlabel&quot;:&quot;&quot;,&quot;userhelpTooltip&quot;:&quot;&quot;,&quot;predefinedClick&quot;:false,&quot;minlength&quot;:&quot;&quot;,&quot;maxlength&quot;:&quot;&quot;}],[{&quot;title&quot;:&quot;&quot;,&quot;description&quot;:&quot;&quot;,&quot;formlayout&quot;:&quot;top_aligned&quot;}]]\" \/>\r\n<div id=\"fbuilder\">\r\n  <div id=\"fbuilder_1\">\r\n      <div id=\"formheader_1\"><\/div>\r\n      <div id=\"fieldlist_1\"><\/div>\r\n  <\/div>\r\n<\/div>    \r\n<div style=\"display:none\">\r\n<div id=\"cpcaptchalayer_1\">\r\n  <br \/>\r\n  Inserire un codice di sicurezza.:<br \/>\r\n  <img decoding=\"async\" src=\"\/?cp_contactformpp=captcha&#038;ps=_1&#038;width=180&#038;height=60&#038;letter_count=5&#038;min_size=25&#038;max_size=35&#038;noise=200&#038;noiselength=4&#038;bcolor=ffffff&#038;border=000000&#038;font=font1\"  id=\"captchaimg_1\" alt=\"security code\" border=\"0\" class=\"skip-lazy\"  \/>\r\n  <br \/>\r\n  Codice di sicurezza:<br \/>\r\n  <div class=\"dfield\">\r\n   <input type=\"text\" size=\"20\" name=\"hdcaptcha_cp_contact_form_paypal_post\" id=\"hdcaptcha_cp_contact_form_paypal_post_1\" value=\"\" \/>\r\n   <div class=\"cpefb_error message\" id=\"hdcaptcha_error_1\" generated=\"true\" style=\"display:none;position: absolute; left: 0px; top: 25px;\">Codice captcha non corretto. Riprova.<\/div>\r\n  <\/div>\r\n  <br \/>\r\n<\/div>\r\n<\/div>\r\n<div id=\"cp_subbtn_1\" class=\"cp_subbtn\">Invia<\/div>\r\n<\/form><\/p>\n<p>\u00a0<\/p>\n<p><!-- \/wp:paragraph --><\/p>\t\t\t\t\t\t<\/div>\n\t\t\t\t<\/div>\n\t\t\t\t\t<\/div>\n\t\t<\/div>\n\t\t\t\t\t\t\t<\/div>\n\t\t<\/section>\n\t\t\t\t\t\t\t<\/div>\n\t\t","protected":false},"excerpt":{"rendered":"<p>Perch\u00e8 tesserarsi?\u00a0 La tessera socio Club Napoli Meta consente l\u2019accesso ai locali del Club dove saranno trasmesse\u00a0TUTTE\u00a0le partite del Napoli.\u00a0 La tessera socio\u00a0\u00e8 valida per l\u2019intera stagione sportiva e consente inoltre la possibilit\u00e0 di accedere agli altri servizi offerti dal club, quali la prenotazione Ticket, nonch\u00e9 la partecipazione a tutte le attivit\u00e0 ed eventi organizzati [&hellip;]<\/p>\n","protected":false},"author":1,"featured_media":0,"parent":0,"menu_order":0,"comment_status":"closed","ping_status":"closed","template":"","meta":[],"_links":{"self":[{"href":"https:\/\/clubnapolimeta.com\/index.php?rest_route=\/wp\/v2\/pages\/82"}],"collection":[{"href":"https:\/\/clubnapolimeta.com\/index.php?rest_route=\/wp\/v2\/pages"}],"about":[{"href":"https:\/\/clubnapolimeta.com\/index.php?rest_route=\/wp\/v2\/types\/page"}],"author":[{"embeddable":true,"href":"https:\/\/clubnapolimeta.com\/index.php?rest_route=\/wp\/v2\/users\/1"}],"replies":[{"embeddable":true,"href":"https:\/\/clubnapolimeta.com\/index.php?rest_route=%2Fwp%2Fv2%2Fcomments&post=82"}],"version-history":[{"count":5,"href":"https:\/\/clubnapolimeta.com\/index.php?rest_route=\/wp\/v2\/pages\/82\/revisions"}],"predecessor-version":[{"id":304,"href":"https:\/\/clubnapolimeta.com\/index.php?rest_route=\/wp\/v2\/pages\/82\/revisions\/304"}],"wp:attachment":[{"href":"https:\/\/clubnapolimeta.com\/index.php?rest_route=%2Fwp%2Fv2%2Fmedia&parent=82"}],"curies":[{"name":"wp","href":"https:\/\/api.w.org\/{rel}","templated":true}]}}